a6?
-a4
In base 13, what is -15b - -2?
-159
In base 11, what is 8 - -27?
34
In base 3, what is -22112111 - 12?
-22112200
In base 5, what is -44123 + -20?
-44143
In base 7, what is -4431 - 2?
-4433
In base 6, what is 2440 + 11?
2451
In base 6, what is 0 + -20423?
-20423
In base 15, what is -319 + 20?
-2e9
In base 14, what is -42 - -d?
-33
In base 7, what is 15 + -151?
-133
In base 15, what is -5 - -250?
24a
In base 8, what is -11 - 4?
-15
In base 11, what is -2 - 115?
-117
In base 13, what is 95 + 8?
a0
In base 9, what is 5 - 701?
-685
In base 8, what is -112 - -7?
-103
In base 6, what is -133 + -5?
-142
In base 13, what is -4 + -27c?
-283
In base 14, what is 4d - 16?
37
In base 3, what is -20101100 - -10?
-20101020
In base 16, what is -c6 - 3?
-c9
In base 3, what is -210100 - -10?
-210020
In base 11, what is -33 + a?
-24
In base 7, what is 42 - 60?
-15
In base 8, what is -2 + -5505?
-5507
In base 4, what is 3 - 1332?
-1323
In base 9, what is 4 - -3164?
3168
In base 11, what is -7817 - 2?
-7819
In base 3, what is 0 - 212012?
-212012
In base 11, what is -156 - -2?
-154
In base 16, what is 1 - -aba?
abb
In base 11, what is -a - -177?
168
In base 14, what is b57 + 5?
b5c
In base 11, what is 114 - 7?
108
In base 9, what is 113 + 4?
117
In base 13, what is -687 + 12?
-675
In base 3, what is 1 - -10111?
10112
In base 3, what is -110012 - -11?
-110001
In base 2, what is 0 - -1?
1
In base 7, what is 5 - -43?
51
In base 15, what is 71 - -11?
82
In base 6, what is 21 + -43?
-22
In base 3, what is 1212 - -12?
2001
In base 5, what is 10 - 1332?
-1322
In base 2, what is 101010 - -1010?
110100
In base 9, what is -1407 - 5?
-1413
In base 2, what is -1101001 + -111?
-1110000
In base 3, what is -10222 - 110?
-11102
In base 15, what is 9425 - 0?
9425
In base 5, what is 11 + -14004?
-13443
In base 16, what is -8 + -20?
-28
In base 4, what is -3 + 113?
110
In base 2, what is 10100000 + 100?
10100100
In base 13, what is 4 + 140?
144
In base 7, what is -4213 - -3?
-4210
In base 7, what is 64 + 33?
130
In base 13, what is 2 + -90?
-8b
In base 14, what is -4d + -13?
-62
In base 8, what is 5003 + -7?
4774
In base 13, what is 2 + -b79?
-b77
In base 2, what is -1001011 - 11?
-1001110
In base 10, what is -9 - 80?
-89
In base 9, what is 344 + 2?
346
In base 16, what is -19d - 2?
-19f
In base 3, what is -11 + 1010?
222
In base 15, what is -1 + 15c?
15b
In base 12, what is -7a + -1a?
-98
In base 9, what is 1313 + -5?
1307
In base 15, what is -63 - 87?
-ea
In base 6, what is -552221 + -4?
-552225
In base 8, what is -410 - 20?
-430
In base 9, what is 41 + 5?
46
In base 5, what is 2 - -212?
214
In base 9, what is 56 - 28?
27
In base 12, what is -210 - -4?
-208
In base 14, what is d + -4cb?
-4bc
In base 11, what is 3 + -83?
-80
In base 14, what is -12 - 7?
-19
In base 4, what is 1110 + 1120?
2230
In base 5, what is 2 - 4?
-2
In base 5, what is 210 - -32?
242
In base 5, what is 2240 - 3?
2232
In base 7, what is -103 + 12?
-61
In base 11, what is 5 + -4?
1
In base 16, what is 0 + -c1?
-c1
In base 3, what is 22 + -1?
21
In base 4, what is 103020 + -3?
103011
In base 5, what is -2244 + -4?
-2303
In base 4, what is 2 - 133333?
-133331
In base 7, what is -5 - -306?
301
In base 14, what is -8 + -1d1?
-1d9
In base 15, what is 5 + -2137?
-2132
In base 5, what is 1042 - 14?
1023
In base 3, what is -10012120 + 11?
-10012102
In base 4, what is -331 + 0?
-331
In base 16, what is ede + 2?
ee0
In base 12, what is 3b + 5?
44
In base 13, what is 1 - -129?
12a
In base 3, what is -10221 + -11?
-11002
In base 10, what is 1 + -76?
-75
In base 15, what is -396 + -2?
-398
In base 2, what is -1000 + 11100?
10100
In base 4, what is 310 + 200?
1110
In base 10, what is 162 - 5?
157
In base 12, what is -2 + 3794?
3792
In base 16, what is -5 - -36?
31
In base 8, what is 240 + -65?
153
In base 15, what is 385 + -2?
383
In base 14, what is 464 - -2?
466
In base 14, what is c92 + 7?
c99
In base 5, what is 10 + 24401?
24411
In base 5, what is 20 + 0?
20
In base 7, what is -1223 - -3?
-1220
In base 3, what is -2 + 220110?
220101
In base 6, what is -4 + 14303?
14255
In base 8, what is -4 - 754?
-760
In base 5, what is 3104 + 0?
3104
In base 13, what is -1 + 89?
88
In base 5, what is 100 + -20?
30
In base 10, what is -65 - 269?
-334
In base 3, what is 0 + -2221?
-2221
In base 14, what is -6 + -15?
-1b
In base 16, what is -12e + -4?
-132
In base 12, what is 2629 - 5?
2624
In base 12, what is 4 + -bb?
-b7
In base 8, what is 5 - 1472?
-1465
In base 8, what is 2 + -260?
-256
In base 4, what is 100 + -12?
22
In base 16, what is 2 - -2ca?
2cc
In base 12, what is 4 - -b60?
b64
In base 14, what is 29 - 29b?
-272
In base 4, what is -2120 + -2?
-2122
In base 13, what is 3 - 1aa7?
-1aa4
In base 16, what is -5e8 - 5?
-5ed
In base 8, what is -5 - -200?
173
In base 6, what is -2324 - 2?
-2330
In base 9, what is 1 + -13?
-12
In base 2, what is 11 + 10100101111?
10100110010
In base 4, what is 1030 + -11?
1013
In base 8, what is 1 - -221?
222
In base 4, what is -3 - 1310?
-1313
In base 8, what is 2 + -123?
-121
In base 11, what is 7 - 115?
-109
In base 10, what is 5 + -265?
-260
In base 6, what is 3 + -1121?
-1114
In base 3, what is 12 + -10020112?
-10020100
In base 12, what is -332 + -5?
-337
In base 9, what is 21 - -563?
584
In base 16, what is 2 + -166?
-164
In base 4, what is -1 + -1011?
-1012
In base 12, what is -4 + -1959?
-1961
In base 9, what is -82 + -81?
-173
In base 10, what is 3 - -99?
102
In base 13, what is -749 + a?
-73c
In base 14, what is -5 + 76?
71
In base 14, what is 61 + -2?
5d
In base 6, what is -142 + -12?
-154
In base 5, what is -13 - -30?
12
In base 7, what is -2 - -12?
10
In base 2, what is -111000010 - 1?
-111000011
In base 13, what is 14 - 12?
2
In base 13, what is -12 + -9b7?
-9c9
In base 4, what is -21 + -1000?
-1021
In base 13, what is 0 - -3c?
3c
In base 9, what is 7812 - -2?
7814
In base 14, what is -9b + 3?
-98
In base 11, what is -868 - 5?
-872
In base 4, what is -120 - 3?
-123
In base 16, what is -1 - -3e?
3d
In base 4, what is -2021 - 322?
-3003
In base 8, what is 1 + -502?
-501
In base 11, what is 14 + -a9?
-95
In base 16, what is -5 + 305?
300
In base 3, what is 12 + 222220?
1000002
In base 12, what is 5 - 24?
-1b
In base 16, what is -29 - 0?
-29
In base 6, what is 52 - -13?
105
In base 9, what is -2 - 28?
-31
In base 13, what is 20ab + -1?
20aa
In base 9, what is 8 + 1242?
1251
In base 6, what is 1525 + 205?
2134
In base 7, what is -610 - 5?
-615
In base 14, what is -136 - 2?
-138
In base 7, what is 13 - -225?
241
In base 11, what is -1 - 28?
-29
In base 15, what is 115 + -4?
111
In base 14, what is -133 - 5?
-138
In base 5, what is 3 + -41?
-33
In base 2, what is 1 + -111100?
-111011
In base 2, what is -10010 - -11?
-1111
In base 12, what is -23 + -34?
-57
In base 4, what is -10 - 100323?
-100333
In base 3, what is 121111200 - -10?
121111210
In base 16, what is 5 - 1c9?
-1c4
In base 16, what is 7c60 - 5?
7c5b
In base 3, what is 10202 - -1?
10210
In base 8, what is -22 + -4?
-26
In base 14, what is -18 - -326?
30c
In base 6, what is 2 + -1422?
-1420
In base 12, what is 758 + 5?
761
In base 8, what is -3571 - -3?
-3566
In base 8, what is 4 + -177?
-173
In base 13, what is -8 + -87?
-92
In base 12, what is 1 + 12?
13
In base 12, what is -667 + 0?
-667
In base 13, what is 21 - -3?
24
In base 16, what is 4 - 98?
-94
In base 15, what is -2ca + -4?
-2ce
In base 16, what is 1a3 + -2?
1a1
In base 7, what is -43 + 4?
-36
In base 4, what is -1033 - 12?
-1111
In base 9, what is -405 - -1?
-404
In base 8, what is 1 + -663?
-662
In base 15, what is -d57 + 1?
-d56
In base 5, what is 333 + 4?
342
In base 15, what is -4 + e7?
e3
In base 6, what is 1203 - -2?
1205
In base 2, what is -110 + -1010110111?
-1010111101
In base 5, what is -424 + 2?
-422
In base 10, what is 18 - 2?
16
In base 2, what is -101 - 100000110?
-100001011
In base 12, what is -1553 + 0?
-1553
In base 9, what is 435 + 5?
441
In base 16, what is -176 - 2?
-178
In base 2, what is 110 - -10111?
11101
In base 10, what is -309 - -7?
-302
In base 16, what is 1 + 1dfd?
1dfe
In base 13, what is 48 - -1?
49
In base 10, what is 106 + 1?
107
In base 7, what is -5 + -1542?
-1550
In base 11, what is 122 - a?
113
In base 3, what is -22 - -2100?
2001